 base 6
-1310555010
-1334413111 (base 5) to base 11
-1a37087
What is 70b04 (base 15) in base 13?
c6574
-101423343 (base 5) to base 16
-66a79
Convert 9b067a (base 12) to base 2.
1001011010101010111110
What is -3011200302 (base 4) in base 7?
-6606426
Convert 10135105 (base 6) to base 9.
485475
Convert -21141011 (base 5) to base 12.
-86967
212012222210202 (base 3) to base 2
101111000100111101101011
Convert -132032313 (base 4) to base 11.
-85044
What is 10541623 (base 11) in base 12?
6996494
-6f5c1 (base 16) to base 4
-1233113001
What is 554b2 (base 13) in base 3?
21212002100
What is -11372142 (base 8) in base 12?
-9bb56a
dc60 (base 16) to base 14
167ba
What is 52428 (base 9) in base 13?
129a7
1110210122200 (base 3) to base 10
783423
What is -24a9b0 (base 12) in base 4?
-2102110110
-173595 (base 10) to base 3
-22211010110
-233277 (base 8) to base 16
-136bf
Convert 10010110111011110111 (base 2) to base 15.
c32a6
What is -1758433 (base 9) in base 4?
-3300023133
Convert 422100011 (base 5) to base 13.
494c73
1775 (base 10) to base 13
a67
Convert 87bc9 (base 13) to base 7.
2042612
41401030 (base 5) to base 7
2616325
What is -a17a9 (base 15) in base 6?
-14543223
What is -49479 (base 10) in base 11?
-341a1
What is 1444544 (base 6) in base 8?
244060
111201221012 (base 3) to base 7
2204240
12249 (base 11) to base 7
102210
27eb4 (base 16) to base 15
336a8
4034414 (base 5) to base 2
1111110111011000
What is -140582 (base 10) in base 11?
-96692
-1aa122 (base 14) to base 5
-220342100
What is -333113222 (base 4) in base 12?
-106262
What is -135058 (base 9) in base 13?
-2b69a
-a96543 (base 12) to base 11
-1575104
671886 (base 9) to base 12
174550
Convert 554233 (base 6) to base 13.
1810b
Convert -8c42 (base 13) to base 3.
-222222002
-12a751 (base 13) to base 16
-6e432
What is 26006174 (base 8) in base 12?
1b233b8
Convert 101000122022002 (base 3) to base 2.
10100010100100010101101
What is -404032313 (base 5) in base 11?
-a11600
-20123120113 (base 4) to base 7
-24531055
Convert -663062 (base 7) to base 4.
-130121201
271a89b (base 12) to base 10
7753079
-52212 (base 8) to base 3
-1002200120
What is -3120526 (base 7) in base 10?
-374821
Convert -2ba15 (base 16) to base 13.
-6345b
What is 740593 (base 10) in base 5?
142144333
70629 (base 11) to base 10
103244
Convert -20000a (base 15) to base 10.
-1518760
Convert 201341322 (base 5) to base 14.
170b50
What is -110001101101110100 (base 2) in base 7?
-1505456
Convert 203225 (base 7) to base 3.
1202200102
What is -142311013 (base 5) in base 10?
-744508
22300332 (base 5) to base 15
3d562
Convert 37576714 (base 8) to base 15.
ae5ddd
11101101010000011100 (base 2) to base 13
280442
Convert 34055030 (base 7) to base 12.
ba6072
What is -2122234423 (base 5) in base 8?
-21107471
What is 54325544 (base 6) in base 16?
189ec8
Convert 26c2d (base 14) to base 8.
272711
42414154 (base 6) to base 11
781482
Convert 1466c0b (base 13) to base 9.
13204321
Convert 358063 (base 15) to base 2.
1001110000100110000111
1002212120000021 (base 3) to base 4
330203311300
What is -1340021 (base 6) in base 9?
-124114
Convert -2374317 (base 9) to base 3.
-2102111100121
What is -55a37 (base 12) in base 10?
-113803
What is -232311530 (base 6) in base 8?
-20360316
Convert -2805 (base 11) to base 13.
-1868
What is -2011210123 (base 4) in base 7?
-4436020
Convert 458c47 (base 16) to base 11.
2633461
Convert -5caa0 (base 15) to base 3.
-120001001220
-14144332 (base 5) to base 4
-203312122
What is 261589 (base 10) in base 15?
52794
-403104 (base 5) to base 3
-122200221
What is -5ea3a (base 16) in base 3?
-201200202010
Convert -1221122121200 (base 3) to base 10.
-1036359
What is -443003 (base 8) in base 14?
-3c427
8311843 (base 9) to base 4
100323022230
5a2e (base 15) to base 11
13447
What is -30086 (base 12) in base 4?
-33031212
What is -2054214 (base 6) in base 5?
-11210423
71447 (base 12) to base 16
24037
Convert 7042c (base 14) to base 10.
269736
Convert -112424 (base 13) to base 9.
-676438
22125 (base 6) to base 2
110000000101
-1311300033 (base 4) to base 2
-1110101110000001111
What is 4905d3 (base 14) in base 16?
261e9d
What is -2035350 (base 10) in base 16?
-1f0e96
What is -c972 (base 16) in base 2?
-1100100101110010
1010335 (base 8) to base 9
445457
What is -113130431 (base 5) in base 11?
-326271
What is 5c2b14 (base 13) in base 15?
2d8712
What is dd1a3 (base 16) in base 14?
198083
Convert 721017 (base 10) to base 12.
2a9309
Convert -100023403 (base 5) to base 14.
-a2db3
Convert 101012110021022 (base 3) to base 4.
110223223022
Convert 5317e (base 16) to base 2.
1010011000101111110
Convert 430320 (base 7) to base 10.
74592
114414331 (base 6) to base 10
2179567
Convert -320228 (base 14) to base 8.
-6346154
What is -3b8670 (base 12) in base 8?
-3614264
Convert -1220001200120 (base 3) to base 2.
-11110101011000000111
Convert -321223230 (base 4) to base 2.
-111001101011101100
Convert 5143758 (base 9) to base 11.
1605652
What is -100023301 (base 4) in base 10?
-66289
-2b09c (base 15) to base 12
-681b6
Convert 3011444 (base 5) to base 12.
23771
Convert 13150443 (base 7) to base 4.
10212110121
What is 368ef4 (base 16) in base 8?
15507364
-1020200002112221 (base 3) to base 11
-a111898
What is 52acb5 (base 13) in base 6?
105310553
What is 123211212323 (base 4) in base 13?
1662965
What is -68255 (base 12) in base 3?
-21001010002
Convert -1011101111110011111001 (base 2) to base 9.
-5713144
What is -713da8 (base 15) in base 6?
-311144522
Convert b377b (base 12) to base 11.
150106
What is -48d (base 16) in base 6?
-5221
What is 32527 (base 15) in base 6?
3231431
-526306 (base 7) to base 3
-11121220011
1330224 (base 7) to base 10
175389
What is -729507 (base 10) in base 3?
-1101001200210
-1054141 (base 6) to base 4
-31030231
Convert 204013431 (base 5) to base 8.
3162102
What is 2151709 (base 11) in base 15?
4e9d10
1002211010211220 (base 3) to base 5
13024110440
What is c06a9 (base 15) in base 9?
1127356
What is -4569986 (base 10) in base 6?
-241541202
What is -11010100001001000000 (base 2) in base 6?
-30342452
What is -227856 (base 15) in base 3?
-10002121012200
Convert 512565 (base 10) to base 6.
14552553
What is 2555a (base 12) in base 6?
1031354
What is -239787 (base 11) in base 16?
-5c842
123130303 (base 6) to base 13
65953b
What is -1111101110011100001 (base 2) in base 4?
-1331303201
-1207465 (base 9) to base 12
-277095
Convert 2292202 (base 14) to base 10.
16486346
1ac53 (base 13) to base 6
1043351
Convert -1443104034 (base 5) to base 10.
-3878644
463446 (base 9) to base 14
734d5
Convert 567420 (base 8) to base 5.
22123042
What is -611098 (base 11) in base 12?
-3b4615
Convert -11012204 (base 5) to base 7.
-543014
Convert 4e80 (base 16) to base 8.
47200
Convert -2211012002202 (base 3) to base 15.
-1e9502
What is -ababa2 (base 14) in base 16?
-58f79a
11201211122112 (base 3) to base 4
21212110130
What is 1332313210 (base 4) in base 7?
4263010
-90e721 (base 15) to base 13
-1570024
What is -205150006 (base 7) in base 8?
-56253751
What is -12112222212 (base 3) in base 13?
-3aa03
Convert -1701c (base 16) to base 7.
-541512
Convert -1211112010011 (base 3) to base 7.
-11166601
What is -20422330 (base 5) in base 9?
-278586
Convert 11100011110010101110 (base 2) to base 12.
38bb52
What is -929564 (base 10) in base 14?
-1a2a96
What is -7b813 (base 13) in base 15?
-46c0c
Convert 11001220120 (base 3) to base 15.
18b19
What is 3241122 (base 5) in base 16?
d9eb
Convert -256654 (base 8) to base 4.
-111312230
Convert 144461 (base 12) to base 3.
122020111001
What is 114321 (base 5) in base 14?
181a
What is -422501 (base 9) in base 3?
-110202120001
What is -1557060 (base 8) in base 14?
-ba05a
Convert 11010110101001110 (base 2) to base 3.
12120202110
-3d546 (base 16) to base 8
-752506
What is -73175 (base 8) in base 15?
-8ec3
What is 9aeaf5 (base 16) in base 11?
5804961
488646 (base 9) to base 7
2336121
What is -1101101000111100100000 (base 2) in base 10?
-3575584
Convert 1212423105 (base 6) to base 2.
110100110100000001010001
Convert -22132121023 (base 4) to base 6.
-134504351
-11400014 (base 5) to base 9
-171675
1a85b (base 15) to base 7
506330
What is 1418572 (base 10) in base 11?
889881
What is -100110110100010001110 (base 2) in base 10?
-1271950
What is -ae1a7 (base 15) in